{"id":1481,"date":"2024-04-30T12:54:29","date_gmt":"2024-04-30T10:54:29","guid":{"rendered":"https:\/\/resinedephoenix.com\/index.php\/product\/plateau-tortue-ocean\/"},"modified":"2024-11-04T13:42:55","modified_gmt":"2024-11-04T12:42:55","slug":"plateau-tortue-ocean","status":"publish","type":"product","link":"https:\/\/resinedephoenix.com\/index.php\/product\/plateau-tortue-ocean\/","title":{"rendered":"Plateau \u00ab\u00a0tortue\u00a0\u00bb oc\u00e9an"},"content":{"rendered":"<p>Apportez une touche de la mer \u00e0 votre quotidien avec notre plateau \u00ab Tortue \u00bb oc\u00e9an en r\u00e9sine \u00e9poxy. C\u2019est \u00e9galement un cadeau parfait pour les amoureux de la nature et des oc\u00e9ans.<\/p>\n","protected":false},"excerpt":{"rendered":"<p>Apportez une touche de charme marin \u00e0 votre espace avec notre plateau \u00ab Tortue \u00bb oc\u00e9an en r\u00e9sine \u00e9poxy. Inspir\u00e9 par la beaut\u00e9 majestueuse des oc\u00e9ans, ce plateau captivant est \u00e0 la fois une \u0153uvre d\u2019art fonctionnelle et un \u00e9l\u00e9ment d\u00e9coratif saisissant.<\/p>\n<p>Chaque plateau est soigneusement fabriqu\u00e9 \u00e0 la main, avec une attention particuli\u00e8re port\u00e9e aux d\u00e9tails. La r\u00e9sine \u00e9poxy transparente cr\u00e9e l\u2019illusion d\u2019un oc\u00e9an en mouvement, tandis que la silhouette gracieuse de la tortue ajoute une dimension de vie et de dynamisme \u00e0 l\u2019ensemble.<\/p>\n<p>Ce plateau unique peut \u00eatre utilis\u00e9 pour servir des boissons rafra\u00eechissantes lors de vos r\u00e9ceptions ou comme \u00e9l\u00e9ment d\u00e9coratif sur une table basse ou un buffet. Son design \u00e9l\u00e9gant et artistique en fait un objet de conversation \u00e0 part enti\u00e8re, ajoutant une note d\u2019\u00e9vasion et de tranquillit\u00e9 \u00e0 votre int\u00e9rieur.<\/p>\n<p>Caract\u00e9ristiques :<\/p>\n<ul>\n<li>Mat\u00e9riau : R\u00e9sine \u00e9poxy transparente<\/li>\n<li>Motif : Tortue oc\u00e9anique<\/li>\n<li>Couleur : Transparent avec des reflets oc\u00e9aniques<\/li>\n<li>Dimensions : 324 mm x 265 mm<\/li>\n<li>Utilisation : Plateau de service ou objet d\u00e9coratif<\/li>\n<\/ul>\n","protected":false},"featured_media":1479,"template":"","meta":{"site-sidebar-layout":"default","site-content-layout":"","ast-site-content-layout":"default","site-content-style":"default","site-sidebar-style":"default","ast-global-header-display":"","ast-banner-title-visibility":"","ast-main-header-display":"","ast-hfb-above-header-display":"","ast-hfb-below-header-display":"","ast-hfb-mobile-header-display":"","site-post-title":"","ast-breadcrumbs-content":"","ast-featured-img":"","footer-sml-layout":"","theme-transparent-header-meta":"default","adv-header-id-meta":"","stick-header-meta":"","header-above-stick-meta":"","header-main-stick-meta":"","header-below-stick-meta":"","astra-migrate-meta-layouts":"set","ast-page-background-enabled":"default","ast-page-background-meta":{"desktop":{"background-color":"var(--ast-global-color-4)","background-image":"","background-repeat":"repeat","background-position":"center center","background-size":"auto","background-attachment":"scroll","background-type":"","background-media":"","overlay-type":"","overlay-color":"","overlay-opacity":"","overlay-gradient":""},"tablet":{"background-color":"","background-image":"","background-repeat":"repeat","background-position":"center center","background-size":"auto","background-attachment":"scroll","background-type":"","background-media":"","overlay-type":"","overlay-color":"","overlay-opacity":"","overlay-gradient":""},"mobile":{"background-color":"","background-image":"","background-repeat":"repeat","background-position":"center center","background-size":"auto","background-attachment":"scroll","background-type":"","background-media":"","overlay-type":"","overlay-color":"","overlay-opacity":"","overlay-gradient":""}},"ast-content-background-meta":{"desktop":{"background-color":"var(--ast-global-color-5)","background-image":"","background-repeat":"repeat","background-position":"center center","background-size":"auto","background-attachment":"scroll","background-type":"","background-media":"","overlay-type":"","overlay-color":"","overlay-opacity":"","overlay-gradient":""},"tablet":{"background-color":"var(--ast-global-color-5)","background-image":"","background-repeat":"repeat","background-position":"center center","background-size":"auto","background-attachment":"scroll","background-type":"","background-media":"","overlay-type":"","overlay-color":"","overlay-opacity":"","overlay-gradient":""},"mobile":{"background-color":"var(--ast-global-color-5)","background-image":"","background-repeat":"repeat","background-position":"center center","background-size":"auto","background-attachment":"scroll","background-type":"","background-media":"","overlay-type":"","overlay-color":"","overlay-opacity":"","overlay-gradient":""}}},"product_brand":[],"product_cat":[24,26],"product_tag":[],"class_list":{"0":"post-1481","1":"product","2":"type-product","3":"status-publish","4":"has-post-thumbnail","6":"product_cat-animaux","7":"product_cat-decoration","8":"desktop-align-left","9":"tablet-align-left","10":"mobile-align-left","12":"first","13":"instock","14":"taxable","15":"shipping-taxable","16":"purchasable","17":"product-type-simple"},"aioseo_notices":[],"jetpack_sharing_enabled":true,"_links":{"self":[{"href":"https:\/\/resinedephoenix.com\/index.php\/wp-json\/wp\/v2\/product\/1481","targetHints":{"allow":["GET"]}}],"collection":[{"href":"https:\/\/resinedephoenix.com\/index.php\/wp-json\/wp\/v2\/product"}],"about":[{"href":"https:\/\/resinedephoenix.com\/index.php\/wp-json\/wp\/v2\/types\/product"}],"wp:featuredmedia":[{"embeddable":true,"href":"https:\/\/resinedephoenix.com\/index.php\/wp-json\/wp\/v2\/media\/1479"}],"wp:attachment":[{"href":"https:\/\/resinedephoenix.com\/index.php\/wp-json\/wp\/v2\/media?parent=1481"}],"wp:term":[{"taxonomy":"product_brand","embeddable":true,"href":"https:\/\/resinedephoenix.com\/index.php\/wp-json\/wp\/v2\/product_brand?post=1481"},{"taxonomy":"product_cat","embeddable":true,"href":"https:\/\/resinedephoenix.com\/index.php\/wp-json\/wp\/v2\/product_cat?post=1481"},{"taxonomy":"product_tag","embeddable":true,"href":"https:\/\/resinedephoenix.com\/index.php\/wp-json\/wp\/v2\/product_tag?post=1481"}],"curies":[{"name":"wp","href":"https:\/\/api.w.org\/{rel}","templated":true}]}}